{"id":1074,"date":"2024-02-11T15:58:53","date_gmt":"2024-02-11T14:58:53","guid":{"rendered":"https:\/\/dudziakwypozyczalnia.com\/?post_type=product&#038;p=1074"},"modified":"2024-09-22T18:18:49","modified_gmt":"2024-09-22T16:18:49","slug":"master-b15-epb","status":"publish","type":"product","link":"https:\/\/dudziakwypozyczalnia.com\/index.php\/produkt\/master-b15-epb\/","title":{"rendered":"Nagrzewnica elektryczna Master B15 EPB"},"content":{"rendered":"","protected":false},"excerpt":{"rendered":"","protected":false},"featured_media":1075,"comment_status":"open","ping_status":"closed","template":"","meta":{"_acf_changed":false},"product_brand":[],"product_cat":[119,162],"product_tag":[],"class_list":{"0":"post-1074","1":"product","2":"type-product","3":"status-publish","4":"has-post-thumbnail","6":"product_cat-asortyment-budowlany","7":"product_cat-nagrzewnice","9":"first","10":"instock","11":"shipping-taxable","12":"purchasable","13":"product-type-simple"},"acf":{"dane_techniczne":"Producent master\r\n-zasilanie pr\u0105dem: 400 v\r\n-waga: 15 kg\r\n-wymiary: 47 cm x 35x 49 cm \r\n-przep\u0142yw powietrza: 1700 m3\/h\r\n-wydajno\u015b\u0107: 7,5-15 kW\r\n-max sugerowana kubatura:  614 m3\r\n\r\n","Kaucja":300,"Cena za dob\u0119":45,"zastosowanie":"Nagrzewnica elektryczna Master  B15 EPB to bardzo efektywne urz\u0105dzenie wykorzystywane w najr\u00f3\u017cniejszych warunkach. Zapewnia czyste, efektywne i bezpieczne ogrzewanie. Urz\u0105dzenie w pe\u0142ni przeno\u015bne i \u0142atwe w obs\u0142udze \u015bwietnie nadaje si\u0119 do okazjonalnego lub awaryjnego ogrzewania pomieszcze\u0144. Zalety nagrzewnic master: -Wy\u0142\u0105cznik lato-zima s\u0142u\u017c\u0105cy wy\u0142\u0105cznie do wentylacji, -nie zu\u017cywa tlenu, -silnik z wy\u0142\u0105cznikiem termicznym, -regulacja mocy,-wbudowany termostat, -termostat przegrzania -silnik z wy\u0142\u0105cznikiem termicznym, -trwa\u0142e zewn\u0119trzne malowanie proszkowe, -mocna i wytrzyma\u0142a konstrukcja, -brak spalin, zapachu, wilgoci, -urz\u0105dzenie \u0142atwe do transportu, -du\u017cy przep\u0142yw powietrza -\u0142atwa obs\u0142uga i konserwacja.","uwagi":""},"_links":{"self":[{"href":"https:\/\/dudziakwypozyczalnia.com\/index.php\/wp-json\/wp\/v2\/product\/1074","targetHints":{"allow":["GET"]}}],"collection":[{"href":"https:\/\/dudziakwypozyczalnia.com\/index.php\/wp-json\/wp\/v2\/product"}],"about":[{"href":"https:\/\/dudziakwypozyczalnia.com\/index.php\/wp-json\/wp\/v2\/types\/product"}],"replies":[{"embeddable":true,"href":"https:\/\/dudziakwypozyczalnia.com\/index.php\/wp-json\/wp\/v2\/comments?post=1074"}],"wp:featuredmedia":[{"embeddable":true,"href":"https:\/\/dudziakwypozyczalnia.com\/index.php\/wp-json\/wp\/v2\/media\/1075"}],"wp:attachment":[{"href":"https:\/\/dudziakwypozyczalnia.com\/index.php\/wp-json\/wp\/v2\/media?parent=1074"}],"wp:term":[{"taxonomy":"product_brand","embeddable":true,"href":"https:\/\/dudziakwypozyczalnia.com\/index.php\/wp-json\/wp\/v2\/product_brand?post=1074"},{"taxonomy":"product_cat","embeddable":true,"href":"https:\/\/dudziakwypozyczalnia.com\/index.php\/wp-json\/wp\/v2\/product_cat?post=1074"},{"taxonomy":"product_tag","embeddable":true,"href":"https:\/\/dudziakwypozyczalnia.com\/index.php\/wp-json\/wp\/v2\/product_tag?post=1074"}],"curies":[{"name":"wp","href":"https:\/\/api.w.org\/{rel}","templated":true}]}}