{"id":1174,"date":"2024-05-26T19:23:11","date_gmt":"2024-05-26T17:23:11","guid":{"rendered":"https:\/\/dudziakwypozyczalnia.com\/?post_type=product&#038;p=1174"},"modified":"2024-05-26T19:25:51","modified_gmt":"2024-05-26T17:25:51","slug":"lanca-cisnieniowa-sl-8","status":"publish","type":"product","link":"https:\/\/dudziakwypozyczalnia.com\/index.php\/produkt\/lanca-cisnieniowa-sl-8\/","title":{"rendered":"LANCA CI\u015aNIENIOWA SL-8"},"content":{"rendered":"","protected":false},"excerpt":{"rendered":"","protected":false},"featured_media":1176,"comment_status":"open","ping_status":"closed","template":"","meta":{"_acf_changed":false},"product_brand":[],"product_cat":[121,127,162],"product_tag":[],"class_list":{"0":"post-1174","1":"product","2":"type-product","3":"status-publish","4":"has-post-thumbnail","6":"product_cat-asortyment-ogrodniczy","7":"product_cat-myjki-cisnieniowe","8":"product_cat-nagrzewnice","10":"first","11":"instock","12":"shipping-taxable","13":"purchasable","14":"product-type-simple"},"acf":{"dane_techniczne":"Wysokiej jako\u015bci lanca ci\u015bnieniowa SL-8 marki Probst. Jej dysze s\u0105 dostosowane do pompy wysokiego ci\u015bnienia. G\u0142owica lancy posiada zintegrowany prze\u0142\u0105cznik mi\u0119dzy wysokim, a niskim ci\u015bnieniem. W zestawie znajduje si\u0119 w\u0105\u017c wysokoci\u015bnieniowy o d\u0142ugo\u015bci 8 m. Myjka wysokoci\u015bnieniowa EC-60 marki Probst zosta\u0142a wyposa\u017cona w dozownik do substancji chemicznych. Zestaw chemiczny umo\u017cliwia pobieranie i dozowanie takich substancji z pojemnik\u00f3w.","Kaucja":"","Cena za dob\u0119":30,"zastosowanie":"","uwagi":""},"_links":{"self":[{"href":"https:\/\/dudziakwypozyczalnia.com\/index.php\/wp-json\/wp\/v2\/product\/1174","targetHints":{"allow":["GET"]}}],"collection":[{"href":"https:\/\/dudziakwypozyczalnia.com\/index.php\/wp-json\/wp\/v2\/product"}],"about":[{"href":"https:\/\/dudziakwypozyczalnia.com\/index.php\/wp-json\/wp\/v2\/types\/product"}],"replies":[{"embeddable":true,"href":"https:\/\/dudziakwypozyczalnia.com\/index.php\/wp-json\/wp\/v2\/comments?post=1174"}],"wp:featuredmedia":[{"embeddable":true,"href":"https:\/\/dudziakwypozyczalnia.com\/index.php\/wp-json\/wp\/v2\/media\/1176"}],"wp:attachment":[{"href":"https:\/\/dudziakwypozyczalnia.com\/index.php\/wp-json\/wp\/v2\/media?parent=1174"}],"wp:term":[{"taxonomy":"product_brand","embeddable":true,"href":"https:\/\/dudziakwypozyczalnia.com\/index.php\/wp-json\/wp\/v2\/product_brand?post=1174"},{"taxonomy":"product_cat","embeddable":true,"href":"https:\/\/dudziakwypozyczalnia.com\/index.php\/wp-json\/wp\/v2\/product_cat?post=1174"},{"taxonomy":"product_tag","embeddable":true,"href":"https:\/\/dudziakwypozyczalnia.com\/index.php\/wp-json\/wp\/v2\/product_tag?post=1174"}],"curies":[{"name":"wp","href":"https:\/\/api.w.org\/{rel}","templated":true}]}}