{"id":1476,"date":"2026-02-01T19:43:36","date_gmt":"2026-02-01T18:43:36","guid":{"rendered":"https:\/\/dudziakwypozyczalnia.com\/?post_type=product&#038;p=1476"},"modified":"2026-03-30T20:17:53","modified_gmt":"2026-03-30T18:17:53","slug":"aerator-la-25-b1","status":"publish","type":"product","link":"https:\/\/dudziakwypozyczalnia.com\/index.php\/produkt\/aerator-la-25-b1\/","title":{"rendered":"Aerator rurkowy CAMON LA 25"},"content":{"rendered":"<div style=\"width: 800px;\" class=\"wp-video\"><video class=\"wp-video-shortcode\" id=\"video-1476-1\" width=\"800\" height=\"800\" preload=\"metadata\" controls=\"controls\"><source type=\"video\/mp4\" src=\"https:\/\/dudziakwypozyczalnia.com\/wp-content\/uploads\/2026\/02\/Kwadratowy-post-wideo-1080x1080-px-16.mp4?_=1\" \/><a href=\"https:\/\/dudziakwypozyczalnia.com\/wp-content\/uploads\/2026\/02\/Kwadratowy-post-wideo-1080x1080-px-16.mp4\">https:\/\/dudziakwypozyczalnia.com\/wp-content\/uploads\/2026\/02\/Kwadratowy-post-wideo-1080x1080-px-16.mp4<\/a><\/video><\/div>\n","protected":false},"excerpt":{"rendered":"","protected":false},"featured_media":1484,"comment_status":"open","ping_status":"closed","template":"","meta":{"_acf_changed":false},"product_brand":[],"product_cat":[180,121],"product_tag":[],"class_list":{"0":"post-1476","1":"product","2":"type-product","3":"status-publish","4":"has-post-thumbnail","6":"product_cat-areatory","7":"product_cat-asortyment-ogrodniczy","9":"first","10":"instock","11":"shipping-taxable","12":"purchasable","13":"product-type-simple"},"acf":{"dane_techniczne":"Marka-Camon LA 25\r\nModel silnika- Honda GX 160\r\nMoc silnika-4,8 KM\r\nRozruch-r\u0119czny\r\nSzeroko\u015b\u0107- robocza 38 cm\r\nG\u0142\u0119boko\u015b\u0107 robocza-75 mm\r\nMateria\u0142 korpusu-stal\r\nSzpilki pe\u0142ne-10 mm\r\nSzpilki dr\u0105\u017cone-15 mm, 19 mm\r\nWaga-103 kg","Kaucja":600,"Cena za dob\u0119":210,"zastosowanie":"Dzi\u0119ki zastosowaniu aeratora rurkowego, wg\u0142\u0105b darni b\u0119d\u0105 wnika\u0107: tlen, woda i substancje od\u017cywcze. \r\nRozlu\u017anienie nawierzchni to najwa\u017cniejsze korzy\u015bci z przeprowadzanej systematycznie aeracji. \r\nDzi\u0119ki przeprowadzonemu zabiegowi aeracji, trawa zostanie pobudzona do krzewienia si\u0119 i rozrostu systemu korzeniowego, dzi\u0119ki czemu zwi\u0119ksza si\u0119 masa korzeniowa, a trawa na powierzchni rozrasta si\u0119 r\u00f3wnomiernie. \r\nAerator Camon LA 25 jest nap\u0119dzany silnikiem Honda serii GX 160 montowanym w urz\u0105dzeniach do zastosowa\u0144 profesjonalnych. Ca\u0142kowita szeroko\u015b\u0107 urz\u0105dzenia - jedynie 64 cm sprawia, \u017ce bez problemu pracuje si\u0119 nim w ogrodach o skomplikowanej architekturze.","uwagi":""},"_links":{"self":[{"href":"https:\/\/dudziakwypozyczalnia.com\/index.php\/wp-json\/wp\/v2\/product\/1476","targetHints":{"allow":["GET"]}}],"collection":[{"href":"https:\/\/dudziakwypozyczalnia.com\/index.php\/wp-json\/wp\/v2\/product"}],"about":[{"href":"https:\/\/dudziakwypozyczalnia.com\/index.php\/wp-json\/wp\/v2\/types\/product"}],"replies":[{"embeddable":true,"href":"https:\/\/dudziakwypozyczalnia.com\/index.php\/wp-json\/wp\/v2\/comments?post=1476"}],"wp:featuredmedia":[{"embeddable":true,"href":"https:\/\/dudziakwypozyczalnia.com\/index.php\/wp-json\/wp\/v2\/media\/1484"}],"wp:attachment":[{"href":"https:\/\/dudziakwypozyczalnia.com\/index.php\/wp-json\/wp\/v2\/media?parent=1476"}],"wp:term":[{"taxonomy":"product_brand","embeddable":true,"href":"https:\/\/dudziakwypozyczalnia.com\/index.php\/wp-json\/wp\/v2\/product_brand?post=1476"},{"taxonomy":"product_cat","embeddable":true,"href":"https:\/\/dudziakwypozyczalnia.com\/index.php\/wp-json\/wp\/v2\/product_cat?post=1476"},{"taxonomy":"product_tag","embeddable":true,"href":"https:\/\/dudziakwypozyczalnia.com\/index.php\/wp-json\/wp\/v2\/product_tag?post=1476"}],"curies":[{"name":"wp","href":"https:\/\/api.w.org\/{rel}","templated":true}]}}