{"id":569,"date":"2024-01-15T21:03:15","date_gmt":"2024-01-15T20:03:15","guid":{"rendered":"https:\/\/dudziakwypozyczalnia.com\/?post_type=product&#038;p=569"},"modified":"2024-01-15T23:01:17","modified_gmt":"2024-01-15T22:01:17","slug":"ukosnica-makita-ls-101-18-l","status":"publish","type":"product","link":"https:\/\/dudziakwypozyczalnia.com\/index.php\/produkt\/ukosnica-makita-ls-101-18-l\/","title":{"rendered":"UKO\u015aNICA MAKITA LS 101  18 L"},"content":{"rendered":"","protected":false},"excerpt":{"rendered":"","protected":false},"featured_media":341,"comment_status":"open","ping_status":"closed","template":"","meta":{"_acf_changed":false},"product_brand":[],"product_cat":[119,145],"product_tag":[],"class_list":{"0":"post-569","1":"product","2":"type-product","3":"status-publish","4":"has-post-thumbnail","6":"product_cat-asortyment-budowlany","7":"product_cat-ukosnice","9":"first","10":"instock","11":"shipping-taxable","12":"purchasable","13":"product-type-simple"},"acf":{"dane_techniczne":"'-producent; MAKITA\n-moc 1430 W\n-\u015brednica tarczy 260 mm\n-pr\u0119dko\u015b\u0107 obrotowa 4300 rpm\n-ci\u0119\u017car 19,9 kg\n-wysoko\u015b\u0107 ci\u0119cia przy 90 st.\/ 91 mm\n-d\u0142ugo\u015b\u0107 ci\u0119cia przy 90 st.\/ 310 mm\n-d\u0142ugo\u015b\u0107 ci\u0119cia przy 45 st.\/ 220 mm","Kaucja":300,"Cena za dob\u0119":80,"zastosowanie":"Uko\u015bnica jest to narz\u0119dzie odpowiednie dla ka\u017cdego majsterkowicza jak i te\u017c profesjonalisty. Maszyna bardzo \u0142atwa w obs\u0142udze, posiada wiele funkcji u\u017cytecznych przy r\u00f3\u017cnych pracach. Niewielki ci\u0119\u017car sprawia \u017ce mo\u017cemy j\u0105 przenosi\u0107 wsz\u0119dzie. ","uwagi":""},"_links":{"self":[{"href":"https:\/\/dudziakwypozyczalnia.com\/index.php\/wp-json\/wp\/v2\/product\/569","targetHints":{"allow":["GET"]}}],"collection":[{"href":"https:\/\/dudziakwypozyczalnia.com\/index.php\/wp-json\/wp\/v2\/product"}],"about":[{"href":"https:\/\/dudziakwypozyczalnia.com\/index.php\/wp-json\/wp\/v2\/types\/product"}],"replies":[{"embeddable":true,"href":"https:\/\/dudziakwypozyczalnia.com\/index.php\/wp-json\/wp\/v2\/comments?post=569"}],"wp:featuredmedia":[{"embeddable":true,"href":"https:\/\/dudziakwypozyczalnia.com\/index.php\/wp-json\/wp\/v2\/media\/341"}],"wp:attachment":[{"href":"https:\/\/dudziakwypozyczalnia.com\/index.php\/wp-json\/wp\/v2\/media?parent=569"}],"wp:term":[{"taxonomy":"product_brand","embeddable":true,"href":"https:\/\/dudziakwypozyczalnia.com\/index.php\/wp-json\/wp\/v2\/product_brand?post=569"},{"taxonomy":"product_cat","embeddable":true,"href":"https:\/\/dudziakwypozyczalnia.com\/index.php\/wp-json\/wp\/v2\/product_cat?post=569"},{"taxonomy":"product_tag","embeddable":true,"href":"https:\/\/dudziakwypozyczalnia.com\/index.php\/wp-json\/wp\/v2\/product_tag?post=569"}],"curies":[{"name":"wp","href":"https:\/\/api.w.org\/{rel}","templated":true}]}}