{"id":572,"date":"2024-01-15T21:03:15","date_gmt":"2024-01-15T20:03:15","guid":{"rendered":"https:\/\/dudziakwypozyczalnia.com\/?post_type=product&#038;p=572"},"modified":"2024-02-22T21:21:27","modified_gmt":"2024-02-22T20:21:27","slug":"zageszczarka-stopowa-husqvarna-lt-6005","status":"publish","type":"product","link":"https:\/\/dudziakwypozyczalnia.com\/index.php\/produkt\/zageszczarka-stopowa-husqvarna-lt-6005\/","title":{"rendered":"SKOCZEK\/ ZAG\u0118SZCZARKA STOPOWA HUSQVARNA LT 6005"},"content":{"rendered":"","protected":false},"excerpt":{"rendered":"","protected":false},"featured_media":344,"comment_status":"open","ping_status":"closed","template":"","meta":{"_acf_changed":false},"product_brand":[],"product_cat":[119,148],"product_tag":[],"class_list":{"0":"post-572","1":"product","2":"type-product","3":"status-publish","4":"has-post-thumbnail","6":"product_cat-asortyment-budowlany","7":"product_cat-skoczki-ubijaki","9":"first","10":"instock","11":"shipping-taxable","12":"purchasable","13":"product-type-simple"},"acf":{"dane_techniczne":"'-producent; HUSQVARNA\n-szeroko\u015b\u0107 stopy ubijaka 280 mm\n-waga 70 kg\n-pojemno\u015b\u0107 zbiornika paliwa 3,2 l\n- paliwo benzyna\n-typ silnika honda GXR 120\/4-SUW\n-moc silnika 3,7 KM\/ 2,7 kW\n- pr\u0119dko\u015b\u0107 robocza 15-18 m\/min.\n-amplituda 67,7 mm","Kaucja":600,"Cena za dob\u0119":130,"zastosowanie":"Zag\u0119szczarka stopowa kt\u00f3ra jest bardzo dobrze wywa\u017cona oraz wydajna. Doskonale sprawdzi si\u0119 w w\u0105skich przestrzeniach, rowach, fundamentach. Skutecznie zag\u0119szcza gleby ziarniste jak i spoiste.\nW\u0105ska konstrukcja daje mo\u017cliwo\u015b\u0107 pracy w ciasnych miejscach bli\u017cej przeszk\u00f3d. ","uwagi":""},"_links":{"self":[{"href":"https:\/\/dudziakwypozyczalnia.com\/index.php\/wp-json\/wp\/v2\/product\/572","targetHints":{"allow":["GET"]}}],"collection":[{"href":"https:\/\/dudziakwypozyczalnia.com\/index.php\/wp-json\/wp\/v2\/product"}],"about":[{"href":"https:\/\/dudziakwypozyczalnia.com\/index.php\/wp-json\/wp\/v2\/types\/product"}],"replies":[{"embeddable":true,"href":"https:\/\/dudziakwypozyczalnia.com\/index.php\/wp-json\/wp\/v2\/comments?post=572"}],"wp:featuredmedia":[{"embeddable":true,"href":"https:\/\/dudziakwypozyczalnia.com\/index.php\/wp-json\/wp\/v2\/media\/344"}],"wp:attachment":[{"href":"https:\/\/dudziakwypozyczalnia.com\/index.php\/wp-json\/wp\/v2\/media?parent=572"}],"wp:term":[{"taxonomy":"product_brand","embeddable":true,"href":"https:\/\/dudziakwypozyczalnia.com\/index.php\/wp-json\/wp\/v2\/product_brand?post=572"},{"taxonomy":"product_cat","embeddable":true,"href":"https:\/\/dudziakwypozyczalnia.com\/index.php\/wp-json\/wp\/v2\/product_cat?post=572"},{"taxonomy":"product_tag","embeddable":true,"href":"https:\/\/dudziakwypozyczalnia.com\/index.php\/wp-json\/wp\/v2\/product_tag?post=572"}],"curies":[{"name":"wp","href":"https:\/\/api.w.org\/{rel}","templated":true}]}}