{"id":901,"date":"2024-01-17T14:42:32","date_gmt":"2024-01-17T13:42:32","guid":{"rendered":"https:\/\/dudziakwypozyczalnia.com\/?post_type=product&#038;p=901"},"modified":"2026-02-04T19:40:59","modified_gmt":"2026-02-04T18:40:59","slug":"husqvarna-s-26","status":"publish","type":"product","link":"https:\/\/dudziakwypozyczalnia.com\/index.php\/produkt\/husqvarna-s-26\/","title":{"rendered":"Odkurzacz przemys\u0142owy HUSQVARNA S 26"},"content":{"rendered":"","protected":false},"excerpt":{"rendered":"","protected":false},"featured_media":904,"comment_status":"open","ping_status":"closed","template":"","meta":{"_acf_changed":false},"product_brand":[],"product_cat":[119,155],"product_tag":[],"class_list":{"0":"post-901","1":"product","2":"type-product","3":"status-publish","4":"has-post-thumbnail","6":"product_cat-asortyment-budowlany","7":"product_cat-odkurzacze-przemyslowe","9":"first","10":"instock","11":"shipping-taxable","12":"purchasable","13":"product-type-simple"},"acf":{"dane_techniczne":"producent husqvarna\r\nnapi\u0119cie 230 V\r\nprzep\u0142yw powietrza 400 m3\/h\r\n\u0179r\u00f3d\u0142o zasilania Przewodowe\r\nFazy 1 ph\r\nZnamionowa moc wej\u015bciowa 2,4 kW\/ 3,3 KM\r\nWaga 47 kg\r\npodci\u015bnienie 22 kPa\r\nnat\u0119\u017cenie pr\u0105du 9 A\r\nklasyfikacja H\r\nfiltr HEPA 2\r\n\r\n","Kaucja":700,"Cena za dob\u0119":200,"zastosowanie":"S\u202f26 to mocny jednofazowy odkurzacz HEPA, kt\u00f3ry pasuje do szlifierek Husqvarna PG 280, PG 450 i przecinarki do \u015bwie\u017cego betonu Soff-Cut 150. Pasuje r\u00f3wnie\u017c do ma\u0142ych frezarek i \u015brutownic oraz r\u0119cznych elektronarz\u0119dzi. Ten profesjonalny odkurzacz nadaje si\u0119 do py\u0142u budowlanego, szlifierskiego, gipsowego i betonowego. Wyposa\u017cony w dwa przetestowane i certyfikowane filtry HEPA H13. Funkcje obejmuj\u0105 czyszczenie filtra wst\u0119pnego Jet Pulse, licznik motogodzin i wska\u017anik podci\u015bnieniowy zatkaniai filtra. Niebrudz\u0105ce ko\u0142a s\u0105 odporne na przebicia i blokowane z przodu. System r\u0119kawa Longopac\u00ae zapewnia prost\u0105, bezpy\u0142ow\u0105 wymian\u0119 work\u00f3w.","uwagi":""},"_links":{"self":[{"href":"https:\/\/dudziakwypozyczalnia.com\/index.php\/wp-json\/wp\/v2\/product\/901","targetHints":{"allow":["GET"]}}],"collection":[{"href":"https:\/\/dudziakwypozyczalnia.com\/index.php\/wp-json\/wp\/v2\/product"}],"about":[{"href":"https:\/\/dudziakwypozyczalnia.com\/index.php\/wp-json\/wp\/v2\/types\/product"}],"replies":[{"embeddable":true,"href":"https:\/\/dudziakwypozyczalnia.com\/index.php\/wp-json\/wp\/v2\/comments?post=901"}],"wp:featuredmedia":[{"embeddable":true,"href":"https:\/\/dudziakwypozyczalnia.com\/index.php\/wp-json\/wp\/v2\/media\/904"}],"wp:attachment":[{"href":"https:\/\/dudziakwypozyczalnia.com\/index.php\/wp-json\/wp\/v2\/media?parent=901"}],"wp:term":[{"taxonomy":"product_brand","embeddable":true,"href":"https:\/\/dudziakwypozyczalnia.com\/index.php\/wp-json\/wp\/v2\/product_brand?post=901"},{"taxonomy":"product_cat","embeddable":true,"href":"https:\/\/dudziakwypozyczalnia.com\/index.php\/wp-json\/wp\/v2\/product_cat?post=901"},{"taxonomy":"product_tag","embeddable":true,"href":"https:\/\/dudziakwypozyczalnia.com\/index.php\/wp-json\/wp\/v2\/product_tag?post=901"}],"curies":[{"name":"wp","href":"https:\/\/api.w.org\/{rel}","templated":true}]}}